 778 is divided by r.
187
Let l(z) = -z**3 + 5*z**2 + 8*z + 4. Let k(i) = -i**3 - 8*i**2 - 44*i - 330. Calculate the remainder when k(-8) is divided by l(6).
6
Let p = 31796 - 29245. What is the remainder when p is divided by 23?
21
Suppose 0*t + 100 = 25*t. Suppose 7*l + t*o - 66 = 6*l, 0 = -5*l - 5*o + 270. Calculate the remainder when 249 is divided by l.
49
Let p = -3421 - -7548. Calculate the remainder when p is divided by 86.
85
Suppose -2940 = 17*m - 32*m. Let w = m + -120. Calculate the remainder when w is divided by 7.
6
Let c(b) be the first derivative of b**4/2 - 11*b**3/3 - 10*b**2 + 23*b + 159. What is the remainder when 268 is divided by c(7)?
28
Let j = 1097 - 1083. Let u = 78 - 56. What is the remainder when u is divided by j?
8
Suppose -26 = -4*p + 19*u - 17*u, -p + 24 = -4*u. Calculate the remainder when 1*(4 + 1060/p) is divided by 23.
16
Suppose -z + 3*z - 5*a - 31 = 0, z = a + 17. Let b(h) = 21*h**2 - 2*h + 1. Let d be b(2). What is the remainder when z is divided by (-12)/(-27) - (-855)/d?
7
Suppose 14*c - 4*h + 959 = 19*c, -5*h - 410 = -2*c. What is the remainder when 211 is divided by c?
16
Let r(q) = -424*q - 355. What is the remainder when r(-7) is divided by 57?
48
Let v(l) = l**2 - 7*l - 84. Let x be 2/4*(-5 + 37). What is the remainder when v(x) is divided by 16?
12
Let m(u) = 5*u - 34. Suppose 4 = 4*c - 4. Suppose f = 4*j + 59, -5*f + j + c*j = -312. What is the remainder when f is divided by m(9)?
8
Let c(l) = -16*l + 9. Suppose -5*p + 3*p = 5*b + 14, -5*b = 4*p + 8. What is the remainder when 217 is divided by c(b)?
71
Let q be 151 - (-1 + 6 + -2). Suppose 40 - q = -9*u. What is the remainder when u is divided by (-28)/(-6) - (-2)/6?
2
Let n = -159 + 88. Let x = n + 74. What is the remainder when 7 is divided by (9/6)/(x/4)?
1
Let c(o) = 7*o. Let n = -20 - -23. Let w = -61 - -118. Calculate the remainder when w is divided by c(n).
15
Suppose 5*v + 490 - 490 = 0. Suppose 4*u + n - 33 = v, -5*u - 3 = -4*u + 4*n. Calculate the remainder when 274 is divided by u.
4
Let v(y) = -7 + 38*y - 79*y**2 + 6*y**3 - y**3 + 8*y - 3*y**3 - 13. What is the remainder when v(39) is divided by 51?
49
Let j = 102 - 97. Suppose 5*c - 1 = n, 5*c - 24 = -j*n + c. What is the remainder when 18 is divided by n?
2
Let m be (3/9*15)/(-1). Let v be -2 + (-2 - m - -7). What is the remainder when 84 is divided by 177/v + -4 + (-124)/(-32)?
18
What is the remainder when ((-917)/84)/((-2)/(-8))*(-20 - -17) is divided by 17?
12
Suppose -t + 5 = -4*i - 13, -22 = -2*t + i. Suppose 419*j = 333*j + 13502. Calculate the remainder when j is divided by t.
7
Let d(q) = -13*q - 52. Suppose g + 5*s = -0*s - 2, -5*g = -3*s - 46. Calculate the remainder when d(-8) is divided by g.
4
Suppose 0 = 10*f + 30 - 100. Suppose 5*p = 0, 6*a - 5*a + 4*p = -4. Calculate the remainder when 2/a - 54/(-4) is divided by f.
6
Let m = 3522 - 902. Calculate the remainder when m is divided by 164.
160
Suppose 286 = 7*a + 83. Suppose a*s + 20 = 34*s. Calculate the remainder when 51 is divided by s.
3
Suppose 2*d - 22 = 2*z, -3*z + d - 21 = 18. Let a = -8 - z. Calculate the remainder when 165/2 - 5/((-20)/a) is divided by 17.
16
Suppose -1685 = -7*a + 51. Let q = 252 - a. What is the remainder when 4 is divided by q?
0
Calculate the remainder when 554 is divided by (-21)/((-231)/(-22))*(2 + -4)*1.
2
Let s = -4325 + 4332. What is the remainder when 1159 is divided by s?
4
Suppose -20*s - 19*s - 15218 = -5351. Suppose -2*l - 789 = -2*x - 7*l, -l - 1158 = -3*x. Let m = s + x. Calculate the remainder when m is divided by 27.
26
Let h(n) = 308*n**3 + n - 1. Let o = -273978 - -274030. Calculate the remainder when h(1) is divided by o.
48
Calculate the remainder when (-14055)/(-33) - (-96)/1056 is divided by 57.
27
Let x = 153 + -144. Suppose -14 = -4*g - 3*i + 32, 5*g + 3*i = 59. Calculate the remainder when (-12)/x + (4 - 272/(-6)) is divided by g.
9
Let u(g) = -g**3 - 7*g**2 + 6*g + 38. Let l be u(-7). What is the remainder when 258 is divided by -4*5/(-10)*(-18)/l?
6
Let h = -355 - -406. Suppose 10*b - 6*b = 316. Let y = b - h. Calculate the remainder when y is divided by 15.
13
Suppose c = 4*b - 2045 + 2053, c + 5*b - 8 = 0. Calculate the remainder when 911 is divided by c.
7
Suppose 124*z = 131*z - 700. What is the remainder when -1 + 52 + 4 + -6 is divided by 2150/z - (-2)/4?
5
Let m = 3591 + -764. Calculate the remainder when m is divided by 565.
2
Let i = 7568 + -7408. Calculate the remainder when i is divided by 11.
6
Let t(w) = 27*w**3 - w**2 + 2*w - 1. What is the remainder when 5/(75/805) + (-10)/6 is divided by t(1)?
25
Let j = -17641 + 18576. What is the remainder when j is divided by 78?
77
Suppose 4*a = 345 - 313. Let c(z) = z**3 - 3*z**2 + z - 3. What is the remainder when c(5) is divided by ((-357)/14 + a)*(-6)/5?
10
Suppose 5*i - w = 19, 7 = i + 3*w - 0*w. Let y(z) = 285*z + 1. Let q be y(-2). Let u = -551 - q. Calculate the remainder when u is divided by i.
2
Suppose -36 - 4 = m. Let n = 39 + m. What is the remainder when (10/(-30))/(n/(-207)*-1) is divided by 18?
15
Suppose 53 = t + 2*b, 0 = -2*t + 3*t - 5*b - 18. Suppose 0 = 4*n - 49 - 39. What is the remainder when t is divided by n?
21
Let p be (-8)/(-6) - 1 - 2256/(-36). Let s = -54 + p. Let y = 33 - s. What is the remainder when 44 is divided by y?
20
Suppose -3*p - 11181 = -5*h - 836, 3*h + 5*p - 6207 = 0. What is the remainder when h is divided by 10?
9
Let l = -446 - -754. Suppose -12 = 7*m - 229. What is the remainder when l is divided by m?
29
Suppose -95*v + 87*v + 224 = 0. Let x = -70 - -104. Suppose -4 = 3*t - x. Calculate the remainder when v is divided by t.
8
Suppose 5*l + 4*b - 7 = -565, -b = 5*l + 567. Calculate the remainder when 317 is divided by (l/95)/((-3)/160).
61
Let n = -114 - -121. Let j = n - 2. Suppose -j*c = 2*c - 1498. Calculate the remainder when c is divided by 24.
22
Let g(d) = 4*d - 43. Let y be g(8). Calculate the remainder when -6*(4 + y/2) is divided by 2.
1
Suppose -3*f - 50 + 335 = 0. Suppose 2*x - 146 = -256. Let h = x + f. Calculate the remainder when h is divided by 21.
19
Let p be 1 - (15 - -2)/(-1). Let j be 78/6 - (-2 - -13). Suppose -j*t - t = -p. Calculate the remainder when 22 is divided by t.
4
Let w(y) = -y**2 + 11*y + 4. Let m = -18 - -29. Let v be w(m). Suppose 3*h + 26 = i, i = -v*i + 2*h + 91. What is the remainder when 33 is divided by i?
16
Let s be (-1)/4 + 126/56. Suppose 5*z + s = -4*t + 62, -5*t - z = -54. Calculate the remainder when 55 is divided by t.
5
Let o be (-34364)/(-44) - (0 + 1). Suppose -5*i = -2*x - 0*x + 132, -135 = 5*i - 5*x. What is the remainder when (-120)/o - (-2)/(i/(-1393)) is divided by 12?
11
Let b = -2165 - -2515. Calculate the remainder when b is divided by 16.
14
Let y = 143 - -45. Let j = 202 - y. What is the remainder when 54 is divided by j?
12
Let a(k) = 91*k**3 + 48*k**2 - 140*k - 8. What is the remainder when a(3) is divided by 77?
74
Let g(d) = d**3 + 3*d**2 - 15*d - 40. Let z be g(-4). Suppose z*u - s - 160 = -5*s, 4*u = 4*s + 136. What is the remainder when 332 is divided by u?
36
Suppose 5*n - 5*q - 1005 = 0, -4*n - 3*q + 246 = -593. What is the remainder when n is divided by 27?
17
Let y = -18450 - -18652. Calculate the remainder when y is divided by 32.
10
Let v(d) = 4*d - 3. Let y be v(1). Suppose 5 = a - y. Let l = -131 - -136. What is the remainder when a is divided by l?
1
Suppose -2*z = -32*l + 37*l - 698, 0 = 5*z + 30. Calculate the remainder when 2977 is divided by l.
137
Suppose 23*a + 3132 = 139*a. Let m = 28 - 20. Suppose -5*l = -m - 12. What is the remainder when a is divided by l?
3
Calculate the remainder when 3915 is divided by (-16)/(-520)*-5 + (-4636)/(-52).
88
Suppose 4*n = 2*n. Suppose 5*j + 16 - 1 = n, -4*h - 5*j = -137. Suppose -h = -4*b + 10. What is the remainder when b is divided by 7?
5
Suppose 208*g - 968 = 66*g + 98*g. Let y = 63 + 23. What is the remainder when y is divided by g?
20
Let a(y) = 5*y**2 + 11*y + 47. What is the remainder when 491 is divided by a(-2)?
41
Let i(a) = -2*a**3 - a + 16. Let d(y) = -y**3 + y**2 + 14. Let q(b) = -3*d(b) + 2*i(b). Calculate the remainder when q(-5) is divided by 32.
18
Suppose -4 = -2*x + 6. Let u be 4/14 + (-321)/21. Let d(n) = n**2 + 10*n - 67